hat is 10873285 - 30?
10873255
In base 6, what is -202404 - 2503?
-205311
In base 3, what is 21101022 + 21111?
21122210
In base 13, what is 9 - 3a9b50b?
-3a9b502
In base 15, what is 1205c8 + c?
1205d5
In base 16, what is 92 + -23426e?
-2341dc
In base 9, what is -540 - -200041?
188401
In base 11, what is -1009 - -2507a4?
24a796
In base 2, what is 11000001010100000 + 111010111?
11000010001110111
In base 8, what is 0 + 35777460?
35777460
In base 5, what is -2244412342042 - -4?
-2244412342033
In base 6, what is -5 + -551154414?
-551154423
In base 16, what is fd6 + -663?
973
In base 4, what is -232 - 2111320332?
-2111321230
In base 5, what is 13033 + -40442141?
-40424103
In base 4, what is 221201333 - -2103?
221210102
In base 3, what is 122111220 + 101010111?
1000122101
In base 7, what is 135246 + 44613?
213162
In base 6, what is 1021233 + 3200?
1024433
In base 11, what is 2273 - 80589?
-79316
In base 10, what is 4 - 2801640?
-2801636
In base 8, what is 30 + -133654?
-133624
In base 15, what is -5 - -133d84?
133d7e
In base 9, what is 6233 - 4674?
1448
In base 15, what is 1 - -4aa0b6?
4aa0b7
In base 2, what is 100001100111111110100111001 + 101?
100001100111111110100111110
In base 5, what is 12413024 + 4131?
12422210
In base 11, what is -22 + -33140?
-33162
In base 7, what is 26 - 56555145?
-56555116
In base 14, what is 45ab7 - -2c4?
45d9b
In base 9, what is -12514 + -575?
-13200
In base 2, what is 10100111101 - -110001100011101?
110100001011010
In base 2, what is 10011110101110001010110110000 + -101?
10011110101110001010110101011
In base 14, what is 2 - aa7399?
-aa7397
In base 10, what is -4902078 - 12?
-4902090
In base 3, what is 20020022102 - -1011?
20020100120
In base 7, what is -12 - 3333324?
-3333336
In base 3, what is -110010001 + 1001022011?
121012010
In base 16, what is -5fbc1 - 1c6?
-5fd87
In base 12, what is 662b9a5 + -4?
662b9a1
In base 4, what is -110320023012 - -2?
-110320023010
In base 13, what is -6 - -717191b?
7171915
In base 6, what is -200441 - -130?
-200311
In base 9, what is 1335078 + 138?
1335227
In base 11, what is -407 - 21246?
-21652
In base 12, what is -1411 + -a177b?
-a2b90
In base 8, what is 1566176 - 4?
1566172
In base 4, what is -11222200301132 + 0?
-11222200301132
In base 16, what is c6e + -1c3c?
-fce
In base 7, what is 113 + 65551021?
65551134
In base 14, what is 901 - -481c?
531d
In base 16, what is 36ed4a - 5?
36ed45
In base 2, what is -101100 - 111000110110?
-111001100010
In base 16, what is -135613 - 2?
-135615
In base 2, what is -1000011001100111100 - -1101011?
-1000011001011010001
In base 2, what is 11110101011 + -100100001110?
-101100011
In base 11, what is -48957216 + -12?
-48957228
In base 4, what is 32131230 - -310321?
33102211
In base 2, what is -1001011000100000011 - 11001?
-1001011000100011100
In base 2, what is -1010 + 1010010111001111111000?
1010010111001111101110
In base 5, what is -24330334314 + -3?
-24330334322
In base 9, what is 1741831 + -6?
1741824
In base 16, what is 5 - 3f5046?
-3f5041
In base 13, what is 28023 + -95b?
27395
In base 15, what is 3d - 9d85?
-9d47
In base 10, what is -14742133 - 0?
-14742133
In base 16, what is 21129 + 75?
2119e
In base 12, what is -3b500a4 - 36?
-3b5011a
In base 16, what is b0 + -295b9?
-29509
In base 7, what is -1233 + 41340?
40104
In base 8, what is -2263730 - -253?
-2263455
In base 5, what is -1100000010 + 2?
-1100000003
In base 8, what is 367 + 6221023?
6221412
In base 2, what is -1010010101101010100011 - 10?
-1010010101101010100101
In base 9, what is 563 - -85250?
85823
In base 12, what is 0 - 169396b9?
-169396b9
In base 7, what is 132305 - -145005?
310313
In base 5, what is -1124031 + 31?
-1124000
In base 16, what is 54 + 2961c?
29670
In base 6, what is -2 + -51215210?
-51215212
In base 9, what is -3582 - 47430?
-52122
In base 3, what is 2010010212111121 + 1?
2010010212111122
In base 10, what is -14893 - -13461?
-1432
In base 14, what is ab711c - 1c?
ab7100
In base 3, what is -21 + -2002221200022022?
-2002221200022120
In base 12, what is 4082b - 349?
404a2
In base 7, what is -52525365 + 16?
-52525346
In base 5, what is -10 + 41234120?
41234110
In base 15, what is -1d + 170a78?
170a5a
In base 6, what is -1133315 + 4432?
-1124443
In base 13, what is -bc30a4 + 54?
-bc3050
In base 16, what is -3a5b7e6 + -3?
-3a5b7e9
In base 4, what is -2 + -2123310033032?
-2123310033100
In base 4, what is -232223 + -1202321?
-2101210
In base 8, what is 0 + 1340670673?
1340670673
In base 3, what is 120212 + 112001112?
112122101
In base 4, what is -2310123002230 + -3?
-2310123002233
In base 9, what is -883444 + 1148?
-882285
In base 7, what is -1014 + 12166021?
12165004
In base 3, what is 12002110 - 11002121?
222212
In base 15, what is 4 - 1254dd9?
-1254dd5
In base 11, what is -870 - -a134?
9374
In base 8, what is -23467060 + 3?
-23467055
In base 11, what is 293 - 28325a?
-282a77
In base 13, what is -92721c0 - -17?
-92721a6
In base 5, what is 2020023 - 41?
2014432
In base 7, what is 55 - -665000?
665055
In base 13, what is c6815627 + -3?
c6815624
In base 3, what is 110 - -121221122222?
121221200102
In base 2, what is 1110111000 - -100101111011?
110100110011
In base 9, what is -118 + -56875?
-57104
In base 15, what is -444 - -1337?
de3
In base 13, what is 132b8c43 - -1?
132b8c44
In base 3, what is -10 + -122012111000110?
-122012111000120
In base 2, what is 10011111011010101011110 + 1000?
10011111011010101100110
In base 13, what is -88102ba + 2?
-88102b8
In base 10, what is -471 + -26840?
-27311
In base 7, what is -1133125402 + 5?
-1133125364
In base 10, what is -2493527 + 11?
-2493516
In base 7, what is 1066224336 - 21?
1066224315
In base 2, what is 11 + -1000110110010010010010001?
-1000110110010010010001110
In base 10, what is 293647 - 16?
293631
In base 6, what is 1204524044 + -202?
1204523442
In base 5, what is 424003101 - 4?
424003042
In base 16, what is -bf1 - 27?
-c18
In base 2, what is -10 - 11010100000011111?
-11010100000100001
In base 3, what is -1220221012 - -122200?
-1220021112
In base 3, what is -10 + -100001111211022?
-100001111211102
In base 10, what is -229178909 - 2?
-229178911
In base 10, what is -517 + 122298?
121781
In base 11, what is -69334192 - -5?
-69334188
In base 7, what is -2153 + 161232?
156046
In base 9, what is 2 - -4741204?
4741206
In base 9, what is -2462 + 220720?
217247
In base 8, what is -2032777 + 461?
-2032316
In base 8, what is -11 + -23030456?
-23030467
In base 13, what is 147bb6 + -7?
147bac
In base 3, what is -120 - 11010220022222?
-11010220100112
In base 2, what is 100100010 + -101010010?
-110000
In base 11, what is -381464 + -9?
-381472
In base 8, what is 4 + 13266571?
13266575
In base 10, what is 25986 - -25?
26011
In base 10, what is -312931 - 59?
-312990
In base 3, what is -102020210 - 1221212?
-111012122
In base 12, what is 291 + 323914?
323ba5
In base 12, what is -159906 + 10?
-1598b6
In base 14, what is d9 - -c4910?
c4a09
In base 8, what is 3 + -7152231?
-7152226
In base 5, what is -122200 - 303134?
-430334
In base 13, what is 23465 + 0?
23465
In base 5, what is -10 - 13201102004?
-13201102014
In base 13, what is 11c33 + 1b5?
12118
In base 5, what is -1202431100433 + -3?
-1202431100441
In base 8, what is -3 - 24043544?
-24043547
In base 11, what is 1312 + 86942?
88154
In base 14, what is -44181 + -4d?
-441d0
In base 13, what is -26 + 29abc?
29a96
In base 3, what is 101001 - -12220200201011?
12220201002012
In base 4, what is -113010310 + 213213?
-112131031
In base 8, what is -16330 + -10043?
-26373
In base 12, what is -4 + -1144502?
-1144506
In base 13, what is -1c899 + 118?
-1c781
In base 13, what is 10a39c + -8?
10a394
In base 11, what is 2 + 1129135?
1129137
In base 12, what is 647 - -71052?
71699
In base 9, what is -3 + 3172624?
3172621
In base 8, what is 17223 + -12360?
4643
In base 3, what is 1020202112102 + -1?
1020202112101
In base 14, what is 3265 + -41c6?
-d61
In base 10, what is -331759306 - 4?
-331759310
In base 12, what is a5bb + -161a?
8ba1
In base 12, what is -2 - 1a16a24?
-1a16a26
In base 9, what is -2076 + 240?
-1736
In base 15, what is 4 + -3a002b?
-3a0027
In base 14, what is -16b4b7 - -25?
-16b492
In base 6, what is -305011 + 111143?
-153424
In base 4, what is -31231003102 - -3?
-31231003033
In base 8, what is 0 